{"id":559,"date":"2024-12-06T11:58:15","date_gmt":"2024-12-06T11:58:15","guid":{"rendered":"https:\/\/www.integratywnie.pl\/?page_id=559"},"modified":"2026-01-04T10:35:13","modified_gmt":"2026-01-04T10:35:13","slug":"regulamin","status":"publish","type":"page","link":"https:\/\/www.integratywnie.pl\/index.php\/regulamin\/","title":{"rendered":"Regulamin"},"content":{"rendered":"\t\t<div data-elementor-type=\"wp-page\" data-elementor-id=\"559\" class=\"elementor elementor-559\" data-elementor-post-type=\"page\">\n\t\t\t\t<div class=\"elementor-element elementor-element-9e2bc86 e-flex e-con-boxed e-con e-parent\" data-id=\"9e2bc86\" data-element_type=\"container\">\n\t\t\t\t\t<div class=\"e-con-inner\">\n\t\t\t\t<div class=\"elementor-element elementor-element-fb6c57c elementor-widget elementor-widget-text-editor\" data-id=\"fb6c57c\" data-element_type=\"widget\" data-widget_type=\"text-editor.default\">\n\t\t\t\t<div class=\"elementor-widget-container\">\n\t\t\t<style>\/*! elementor - v3.21.0 - 26-05-2024 *\/\n.elementor-widget-text-editor.elementor-drop-cap-view-stacked .elementor-drop-cap{background-color:#69727d;color:#fff}.elementor-widget-text-editor.elementor-drop-cap-view-framed .elementor-drop-cap{color:#69727d;border:3px solid;background-color:transparent}.elementor-widget-text-editor:not(.elementor-drop-cap-view-default) .elementor-drop-cap{margin-top:8px}.elementor-widget-text-editor:not(.elementor-drop-cap-view-default) .elementor-drop-cap-letter{width:1em;height:1em}.elementor-widget-text-editor .elementor-drop-cap{float:left;text-align:center;line-height:1;font-size:50px}.elementor-widget-text-editor .elementor-drop-cap-letter{display:inline-block}<\/style>\t\t\t\t<div id=\"model-response-message-contentr_18a74c0189d98ef8\" class=\"markdown markdown-main-panel stronger enable-updated-hr-color\" dir=\"ltr\" aria-live=\"polite\" aria-busy=\"false\"><hr data-path-to-node=\"4\" \/><p>Regulamin \u015awiadczenia Us\u0142ug Online<\/p><p>\u00a0 \u00a0 \u00a0Dane Us\u0142ugodawcy<\/p><p>\u00a0 \u00a0\u2022\u00a0 \u00a0Nazwa firmy: A C Wieckowski integratywnie<\/p><p>\u00a0 \u00a0\u2022\u00a0 \u00a0Adres siedziby oraz korespondencyjny:<\/p><p>\u00a0 \u00a0A C WIECKOWSKI<\/p><p>\u00a0 \u00a0Lytchett House,<\/p><p>\u00a0 \u00a013 Freeland Park,<\/p><p>\u00a0 \u00a0Wareham Road,<\/p><p>\u00a0 \u00a0Poole,<\/p><p>\u00a0 \u00a0Dorset,<\/p><p>\u00a0 \u00a0BH16 6FA<\/p><p>\u00a0\u00a0 \u00a0\u00a01. Definicje i Postanowienia Og\u00f3lne.\u00a0\u00a0\u00a0<\/p><p>\u00a0\u00a0 \u2022Us\u0142ugodawca: Specjalista \u015bwiadcz\u0105cy us\u0142ugi edukacyjne i konsultingowe.<\/p><p>\u00a0\u00a0 \u2022Klient: Osoba fizyczna pe\u0142noletnia, korzystaj\u0105ca z us\u0142ug Us\u0142ugodawcy.<\/p><p>Us\u0142ugi:<\/p><ul><li>Edukacja &#8211; Sesje z pod\u015bwiadomo\u015bci\u0105, mentoring oraz coaching \u015bwiadczone wy\u0142\u0105cznie online Jeden na Jeden.<\/li><li>Warsztaty i Szkolenia stacjonarne.<\/li><li>Platforma: Aplikacja Google Meets, za po\u015brednictwem kt\u00f3rej odbywaj\u0105 si\u0119 sesje.<\/li><\/ul><p>\u00a0<\/p><p>\u00a0\u00a0 \u00a0 2. Zakres \u015awiadczonych Us\u0142ug<\/p><p>\u00a0\u00a0 \u2022Us\u0142ugi obejmuj\u0105:<\/p><p>\u00a0\u00a0 \u2022<\/p><div class=\"elementor-price-table__header\"><h3 class=\"elementor-price-table__heading\">1 Konsultacja<\/h3><\/div><div class=\"elementor-price-table__price\"><span class=\"elementor-price-table__integer-part\">400<\/span><span class=\"elementor-price-table__period elementor-typo-excluded\">(PLN) 50 Min<\/span><\/div><ul class=\"elementor-price-table__features-list\"><li class=\"elementor-repeater-item-fbaa1c8\"><div class=\"elementor-price-table__feature-inner\">Poznanie Twojego <br \/>Problemu<\/div><\/li><li class=\"elementor-repeater-item-da91935\"><div class=\"elementor-price-table__feature-inner\">Przygotowanie I Zrozumienie Narz\u0119dzi Do Pracy Z Pod\u015bwiadomo\u015bci\u0105.<br \/>Poznanie Procesu.<\/div><\/li><\/ul><p>\u00a0\u00a0 \u2022<\/p><div class=\"elementor-price-table__header\"><h3 class=\"elementor-price-table__heading\">Sesja Z<br \/>Pod\u015bwiadomo\u015bci\u0105<\/h3><\/div><div class=\"elementor-price-table__price\"><span class=\"elementor-price-table__integer-part\">430<\/span><span class=\"elementor-price-table__period elementor-typo-excluded\">(PLN) 50min<\/span><\/div><ul class=\"elementor-price-table__features-list\"><li class=\"elementor-repeater-item-d2b7fbd\"><div class=\"elementor-price-table__feature-inner\">Stworzenie Warunk\u00f3w <br \/>Do Pracy Z Twoj\u0105 <br \/><br \/>POD\u015aWIADOMO\u015aCI\u0104<br \/><br \/>TTR<\/div><\/li><\/ul><p>\u00a0\u00a0 \u2022<\/p><div class=\"elementor-price-table__header\"><h3 class=\"elementor-price-table__heading\">Mentoring Edukacyjny TTR<\/h3><\/div><div class=\"elementor-price-table__price\"><span class=\"elementor-price-table__integer-part\">850<\/span><span class=\"elementor-price-table__period elementor-typo-excluded\">(PLN) 50min<\/span><\/div><ul class=\"elementor-price-table__features-list\"><li class=\"elementor-repeater-item-fa8ffda\"><div class=\"elementor-price-table__feature-inner\">ROZW\u00d3J OSOBISTY<\/div><\/li><li class=\"elementor-repeater-item-0ac4569\"><div class=\"elementor-price-table__feature-inner\">Zrozumienie Schemat\u00f3w<br \/>Dzia\u0142ania &#8211; Wiedza I Edukacja<\/div><\/li><\/ul><p>\u00a0\u00a0 \u2022<\/p><div class=\"elementor-price-table__header\"><h3 class=\"elementor-price-table__heading\">Mentoring<br \/>Zaawansowane <br \/>Techniki I Narz\u0119dzia<br \/>Do<br \/>Zmiany<br \/>TTR<\/h3><\/div><div class=\"elementor-price-table__price\"><span class=\"elementor-price-table__integer-part\">2500<\/span><span class=\"elementor-price-table__period elementor-typo-excluded\">(PLN) 2 Godziny<\/span><\/div><ul class=\"elementor-price-table__features-list\"><li class=\"elementor-repeater-item-79614bf\"><div class=\"elementor-price-table__feature-inner\">ZAAWANSOWANE <br \/>SESJE <br \/>ROZWOJU OSOBISTEGO<\/div><\/li><li class=\"elementor-repeater-item-c8ef90a\"><div class=\"elementor-price-table__feature-inner\">Nauka I Poznanie Narz\u0119dzi <br \/><br \/>Do<br \/><br \/>Rozwoju W\u0142asnego I Innych<br \/><br \/>Naucz\u0119 Ci\u0119 Narz\u0119dzi <br \/>Kt\u00f3rymi Ja Pracuj\u0119<\/div><\/li><\/ul><p>\u00a0\u00a0 \u2022Spotkania jeden na jeden odbywaj\u0105 si\u0119 wy\u0142\u0105cznie online za pomoc\u0105 platformy Google Meets.<\/p><p>Warsztaty i szkolenia \u00a0s\u0105 prowadzone zgodnie z ustaleniami grup indywidualnych w zale\u017cno\u015bci od danego wydarzenia.\u00a0<\/p><p>\u00a0\u00a0 \u2022Us\u0142ugi nie zast\u0119puj\u0105 leczenia medycznego ani konsultacji psychiatrycznych.<\/p><p>Us\u0142ugodawca posiada Kwalifikacje zawodowe:<\/p><p><strong>Psychoterapeuta:<\/strong><\/p><p>Instytut Psychologii Stosowanej<\/p><p>Kwalifikacja i Tytu\u0142 Zawodowy &#8211; Psychoterapeuta w specjalno\u015bci:<\/p><p>Terapia Rodzin, Terapia Par, Interwencja Kryzysowa.<\/p><p>Kod zawodu 229905 ( Nr. Dyplomu 5\/20\/23\/24 )<\/p><p><strong>Hipnoterapia<\/strong><\/p><p>Kurs Zawodowy &#8211; Szko\u0142a Hipnoterapii Integracyjnej<\/p><p>Specjalizacja Hipnoterapia w ramach zawodu Naturopata<\/p><p>Rozporz\u0105dzenie MPIPS (Dz. U. z 2014 r., poz. 1145)<\/p><p>( Nr. Za\u015bwiadczenia MEN ADZ-N 097\/2024)<\/p><p>Kod zawodu Naturopata 323009<\/p><\/div><p>\u00a0<\/p><p class=\"p1\"><b>Edukacja i Mentoring:<\/b><\/p><p class=\"p2\">kurs kompetencji og\u00f3lnych:<\/p><p class=\"p2\">Kurs pedagogiczny dla instruktor\u00f3w praktycznej nauki zawodu<\/p><p class=\"p1\">ZA\u015aWIADCZENIE, Nr z rejestru 4409\/2024\/SPE<\/p><p class=\"p2\">o uko\u0144czeniu kursu kompetencji og\u00f3lnych.<\/p><p class=\"p2\">W wymiarze 45 godzin,<\/p><p class=\"p4\">prowadzony przez Studium Prawa Europejskiego Al. Jerozolimskie 133\/53, 02-304 Warszawa<\/p><p class=\"p5\">Za\u015bwiadczenie wydano na podstawie \u00a7 15 ust. 2 rozporz\u0105dzenia Ministra Edukacji i Nauki z dnia 6 pa\u017adziernika 2023 r.<\/p><p class=\"p5\">w sprawie kszta\u0142cenia ustawicznego w formach pozaszkolnych (Dz. U. 2023 r., poz. 2175).<\/p><p>\u00a0<\/p><div id=\"model-response-message-contentr_18a74c0189d98ef8\" class=\"markdown markdown-main-panel stronger enable-updated-hr-color\" dir=\"ltr\" aria-live=\"polite\" aria-busy=\"false\"><p>Akceptuj\u0105c regulamin o\u015bwiadczasz \u017ce zapozna\u0142e\u015b si\u0119 i akceptujesz warunki \u015bwiadczenia us\u0142ugi:\u00a0<\/p><ul data-path-to-node=\"7\"><li><p>Nie stosuj\u0119 &#8222;magicznych&#8221; ani mistycznych metod leczenia.\u00a0<\/p><p>Jestem Dyplomowanym Psychoterapeut\u0105 i Certyfikowanym Hipnoterapeut\u0105 zamiast magicznych rozwi\u0105za\u0144 opieram si\u0119 na naukowo udowodnionych technikach zgodnych z moimi kwalifikacjami zawodowymi.<\/p><\/li><li><p>Pracuj\u0119 tylko z osobami , kt\u00f3re dobrowolnie chc\u0105 zmian dla siebie samych a ka\u017cda sesja musi by\u0107 \u015bwiadomie rozpocz\u0119ta z dobrowoln\u0105 zgod\u0105 na prace z pod\u015bwiadomo\u015bci\u0105.<\/p><\/li><li><p>Nie pracuj\u0119 oraz nie przekazuj\u0119 na mentoringach i szkoleniach technik manipulacyjnych, gdy\u017c moja wiedza i edukacja nie jest przeznaczona do przekraczania granic innych ani nadu\u017cy\u0107.<\/p><\/li><li><p>Nie wprowadzam zmian w psychice w ciele lub w jakikolwiek inny spos\u00f3b w imieniu klienta, lub dla klienta.<\/p><p>\u2014 \u015awiadomie decyduj\u0105c si\u0119 na prac\u0119 ze mn\u0105 jako doros\u0142a osoba Ty i Twoja pod\u015bwiadomo\u015b\u0107 jeste\u015bcie odpowiedzialni za swoj\u0105 transformacj\u0119 a ja za rozpocz\u0119cie, poprowadzenie i domkni\u0119cie procesu na sesji zgodnie z etyk\u0105 mojego zawodu.<\/p><\/li><li><p>Nie pracuj\u0119 z lud\u017ami, kt\u00f3rzy oczekuj\u0105 natychmiastowych zmian bez zrozumienia konsekwencji tych zmian i przej\u015bcia przez proces zgodnie z ustalonymi celami rozwojowymi i personaln\u0105 histori\u0105.<\/p><\/li><li><p>Nie pracuj\u0119 z osobami, kt\u00f3re nie chc\u0105 wzi\u0105\u0107 odpowiedzialno\u015bci za siebie i swoje \u017cycie.<\/p><p>Zmiana zaczyna si\u0119 od gotowo\u015bci do dzia\u0142ania, a nie od oczekiwania, \u017ce ja i pod\u015bwiadomo\u015b\u0107 wykonamy prac\u0119 za Ciebie.<\/p><\/li><li><p>Zachowuj\u0119 profesjonalne granice i nie mam popularnego w moim zawodzie syndromu ratownika.<\/p><\/li><li><p>Nie wyst\u0119puj\u0119 jako ekspert ani mediator w sporach, nie reprezentuj\u0119 w s\u0105dzie i nie zeznaj\u0119 jako strona w \u017cadnych instytucjach tego typu lub w \u017cadnych post\u0119powaniach tego typu. \u00a0<\/p><p>Moja praca nie zast\u0119puje instytucji prawnych.<\/p><\/li><li><p>Nie wydaj\u0119 za\u015bwiadcze\u0144, orzecze\u0144, hipotez, czy diagnoz gdy\u017c jest to poza zakresem moich profesjonalnych kompetencji.\u00a0<\/p><\/li><li><p>Nie stosuj\u0119 hipnozy, aby zaspokoi\u0107 ciekawo\u015b\u0107.\u00a0<\/p><\/li><li><p>Nie uczestnicz\u0119 w dzia\u0142aniach sprzecznych z moimi warto\u015bciami i etyk\u0105 zawodow\u0105.<\/p><\/li><li><p>Odmawiam pomocy osobom pod wp\u0142ywem substancji psychoaktywnych.<\/p><\/li><li><p>Je\u015bli jeste\u015b osob\u0105 przyjmuj\u0105c\u0105 silne leki, b\u0119d\u0105c\u0105 pod opiek\u0105 psychiatryczn\u0105 lub w trakcie leczenia odwykowego, musisz mnie o tym poinformowa\u0107.<\/p><p>Praca zaczyna si\u0119 w trze\u017awo\u015bci.<\/p><p>\u00a0\u00a0 \u2022Us\u0142ugodawca zastrzega sobie prawo do odmowy \u015bwiadczenia us\u0142ug w przypadkach niezgodnych z regulaminem, i nie ponosi konsekwencji gdy Klient nie akceptuje kt\u00f3rejkolwiek jego cz\u0119\u015bci lub nie rozumie lub nie dostarczy wymaganych informacji lub nie spe\u0142nia warunk\u00f3w technicznych.<\/p><p>\u00a0\u00a0 \u00a0 3. Warunki Techniczne Korzystania z Us\u0142ug<\/p><p>\u00a0\u00a0 \u2022Klient do zrealizowania us\u0142ugi o kt\u00f3rej mowa w regulaminie musi zapewni\u0107:<\/p><p>\u00a0\u00a0 \u2022Stabilne po\u0142\u0105czenie internetowe.<\/p><p>\u00a0\u00a0 \u2022Komputer, tablet lub smartfon z kamer\u0105 i mikrofonem.<\/p><p>\u00a0\u00a0 \u2022S\u0142uchawki z mikrofonem w celu zapewnienia odpowiedniej jako\u015bci d\u017awi\u0119ku.<\/p><p>\u00a0\u00a0 \u2022Us\u0142ugodawca nie ponosi odpowiedzialno\u015bci za:<\/p><p>\u00a0\u00a0 \u2022Problemy techniczne po stronie Klienta,<\/p><p>\u00a0\u00a0 \u2022Brak spe\u0142nienia wymaga\u0144 sprz\u0119towych przez Klienta.<\/p><p>\u00a0\u00a0 \u2022 Brak gotowo\u015bci klienta do przeprowadzenia sesji.<\/p><p>\u00a0\u00a0 \u2022 Brak szczero\u015bci ze strony klienta.<\/p><p>\u00a0\u00a0 \u2022 Zatajenia kluczowych informacji maj\u0105cych wp\u0142yw na proces wsp\u00f3\u0142pracy (np. o stanie nietrze\u017awo\u015bci lub przyjmowanych lekach wp\u0142ywaj\u0105cych na \u015bwiadomo\u015b\u0107).<\/p><p>\u00a0\u00a0 \u2022Klient zobowi\u0105zany jest do zapewnienia prywatno\u015bci podczas sesji, np. poprzez korzystanie z przestrzeni wolnej od os\u00f3b trzecich.<\/p><p>\u00a0\u00a0 \u00a0 4. Polityka P\u0142atno\u015bci i Odwo\u0142a\u0144<\/p><p>\u00a0\u00a0 \u2022Cennik us\u0142ug: Wszystkie ceny podane s\u0105 w kwotach netto.<\/p><p>\u00a0\u00a0 \u2022 Us\u0142ugodawca nie jest p\u0142atnikiem VAT, w zwi\u0105zku z czym ceny nie zawieraj\u0105 podatku VAT.<\/p><p>\u00a0\u00a0 Faktury lub rachunki b\u0119d\u0105 wystawiane z adnotacj\u0105 VAT EXEMPT.<\/p><p>\u00a0\u00a0\u00a0Faktury:<\/p><p>\u00a0\u00a0 \u2022W przypadku potrzeby wystawienia faktury Klient zobowi\u0105zany jest do zg\u0142oszenia tego na adres e-mail Us\u0142ugodawcy przed dokonaniem op\u0142aty.<\/p><p>\u00a0\u00a0 \u2022Po zg\u0142oszeniu Klient otrzyma link do p\u0142atno\u015bci online, obs\u0142uguj\u0105cy metody p\u0142atno\u015bci takie jak: Apple Pay, Google Pay, Revolut Pay, Przelewy24, Klarna, Karta Kredytowa.<\/p><p>\u00a0\u00a0 \u2022Po dokonaniu p\u0142atno\u015bci na adres e-mail podany przez Klienta w systemie p\u0142atno\u015bci zostanie wys\u0142ana faktura z adnotacj\u0105 VAT EXEMPT.<\/p><p>\u00a0\u00a0 \u2022Formy p\u0142atno\u015bci: Akceptowane s\u0105 p\u0142atno\u015bci:<\/p><p>\u00a0\u00a0 \u2022Przelewem bankowym,<\/p><p>\u00a0\u00a0 \u2022Przelewem BLIK na numer telefonu,<\/p><p>\u00a0\u00a0 \u2022Za pomoc\u0105 systemu p\u0142atno\u015bci online Stripe.<\/p><p>\u00a0\u00a0 \u00a0 Polityka odwo\u0142a\u0144:<\/p><p>\u00a0\u00a0 \u2022Op\u0142ata rezerwacyjna za sesj\u0119 jest bezzwrotn\u0105 form\u0105 wynagrodzenia za czas Us\u0142ugodawcy, kt\u00f3ry jest rezerwowany specjalnie dla Klienta.<\/p><p>\u00a0\u00a0 \u2022Je\u015bli Klient zmieni zdanie lub chce odwo\u0142a\u0107 sesj\u0119 z zachowaniem wymaganych 48 godzin wyprzedzenia, op\u0142ata zostanie zwr\u00f3cona po podaniu przez Klienta danych do przelewu.<\/p><p>\u00a0\u00a0 \u2022W przypadku, gdy Klient nie odwo\u0142a sesji z odpowiednim wyprzedzeniem (co najmniej 48 godzin przed terminem) lub nie poinformuje Us\u0142ugodawcy o rezygnacji, op\u0142ata nie podlega zwrotowi.<\/p><p>\u00a0\u00a0 \u2022Brak powiadomienia lub odwo\u0142anie w terminie kr\u00f3tszym ni\u017c 48 godzin przed sesj\u0105 skutkuje zatrzymaniem op\u0142aty jako wynagrodzenia za czas zarezerwowany przez Us\u0142ugodawc\u0119.<\/p><p>\u00a0\u00a0 \u2022Klient ma prawo do dwukrotnego z rz\u0119du prze\u0142o\u017cenia terminu sesji z zachowaniem wymaganych 48 godzin wyprzedzenia bez dodatkowych op\u0142at. Je\u015bli ustalony trzeci termin r\u00f3wnie\u017c nie dojdzie do skutku, Us\u0142ugodawca zastrzega sobie prawo do rezygnacji ze wsp\u00f3\u0142pracy.<\/p><p>\u00a0\u00a0 \u2022Op\u0142ata rezerwacyjna:<\/p><p>\u00a0\u00a0 \u2022Po zarezerwowaniu wizyty Klient zobowi\u0105zany jest do niezw\u0142ocznego dokonania op\u0142aty zgodnej z cennikiem zamieszczonym na stronie www.integratywnie.pl za wybran\u0105 us\u0142ug\u0119, zgodnie z preferowan\u0105 metod\u0105 p\u0142atno\u015bci (przelew bankowy, przelew na telefon BLIK, system p\u0142atno\u015bci online Stripe).<\/p><p>\u00a0\u00a0 \u2022W przypadku braku p\u0142atno\u015bci w wymaganym terminie rezerwacja zostanie anulowana, a termin usuni\u0119ty z kalendarza Us\u0142ugodawcy.<\/p><p>\u00a0\u00a0 \u00a0 5. Prawa i Obowi\u0105zki Stron<\/p><p>\u00a0\u00a0\u00a0Obowi\u0105zki Us\u0142ugodawcy:<\/p><p>\u00a0\u00a0 \u2022Us\u0142ugodawca szanuje czas Klienta i przek\u0142ada sesj\u0119 tylko w przypadkach nag\u0142ych i nieprzewidzianych, informuj\u0105c z co najmniej 48-godzinnym wyprzedzeniem.<\/p><p>\u00a0\u00a0 \u2022Us\u0142ugodawca zobowi\u0105zuje si\u0119 do przestrzegania zasad opisanych w regulaminie, w tym polityki odwo\u0142a\u0144 i poufno\u015bci danych.<\/p><p>\u00a0\u00a0 \u2022Us\u0142ugodawca zobowi\u0105zuje si\u0119 do zachowania etyki zawodowej.<\/p><p>\u00a0\u00a0 \u2022Us\u0142ugodawca dok\u0142ada wszelkich stara\u0144, aby sesje odbywa\u0142y si\u0119 terminowo i w najwy\u017cszej jako\u015bci.<\/p><p>\u00a0\u00a0\u00a0Obowi\u0105zki Klienta:<\/p><p>\u00a0\u00a0 \u2022Klient zobowi\u0105zuje si\u0119 do szanowania czasu Us\u0142ugodawcy, odwo\u0142uj\u0105c sesj\u0119 z co najmniej 48-godzinnym wyprzedzeniem, aby umo\u017cliwi\u0107 ponowne zaplanowanie terminu.<\/p><p>\u00a0\u00a0 \u2022Klient akceptuje, \u017ce op\u0142ata rezerwacyjna jest bezzwrotn\u0105 form\u0105 wynagrodzenia za czas Us\u0142ugodawcy, z wyj\u0105tkiem sytuacji, gdy odwo\u0142anie sesji nast\u0105pi z odpowiednim wyprzedzeniem (co najmniej 48 godzin przed planowanym terminem).<\/p><p>\u00a0\u00a0 \u2022Klient zobowi\u0105zuje si\u0119 do poinformowania Us\u0142ugodawcy o konieczno\u015bci zmiany lub odwo\u0142ania sesji, umo\u017cliwiaj\u0105c w ten spos\u00f3b efektywne planowanie czasu.<\/p><p>\u00a0\u00a0 \u2022Klient zobowi\u0105zuje si\u0119 do szczerego i otwartego komunikowania swoich trudno\u015bci, potrzeb i oczekiwa\u0144 wobec procesu terapeutycznego. Brak szczero\u015bci mo\u017ce wp\u0142yn\u0105\u0107 na skuteczno\u015b\u0107 procesu i ograniczy\u0107 mo\u017cliwo\u015b\u0107 wsparcia.<\/p><p>\u00a0\u00a0 \u2022Brak powiadomienia o rezygnacji lub niedochowanie terminu odwo\u0142ania skutkuje utrat\u0105 wniesionej op\u0142aty.<\/p><p>\u00a0\u00a0 \u00a0 6. Ochrona Danych Osobowych<\/p><p>\u00a0\u00a0 \u2022Zakres zbieranych danych: Imi\u0119, nazwisko, adres e-mail, numer telefonu.<\/p><p>\u00a0\u00a0 \u2022Cel przetwarzania danych: Wy\u0142\u0105cznie w celu realizacji \u015bwiadczonych us\u0142ug.<\/p><p>\u00a0\u00a0 \u2022Przekazywanie danych: Dane mog\u0105 by\u0107 przekazywane podmiotom trzecim (np. Google Meets) w zakresie niezb\u0119dnym do \u015bwiadczenia us\u0142ug.<\/p><p>\u00a0\u00a0 \u2022Przetwarzanie danych odbywa si\u0119 zgodnie z UK GDPR, Data Protection Act 2018 oraz RODO (w zakresie us\u0142ug dla obywateli UE).<\/p><p>Szczeg\u00f3\u0142y Polityki Prywatno\u015bci i RODO znajduj\u0105 si\u0119 w osobnym regulaminie dost\u0119pnym na stronie.<\/p><p>\u00a0\u00a0 \u2022Klient ma prawo do:<\/p><p>\u00a0\u00a0 \u2022Wgl\u0105du w swoje dane osobowe,<\/p><p>\u00a0\u00a0 \u2022Poprawiania ich,<\/p><p>\u00a0\u00a0 \u2022Usuni\u0119cia lub ograniczenia przetwarzania,<\/p><p>\u00a0\u00a0 \u2022Wniesienia skargi do organu nadzorczego w przypadku naruszenia ochrony danych.<\/p><p>\u00a0\u00a0 \u00a0 7. Tajemnica Zawodowa i Poufno\u015b\u0107<\/p><p>\u00a0\u00a0 \u2022Zasada poufno\u015bci: Us\u0142ugodawca zobowi\u0105zuje si\u0119 do zachowania pe\u0142nej poufno\u015bci informacji uzyskanych w trakcie \u015bwiadczenia us\u0142ug, zgodnie z przepisami prawa oraz zasadami etyki zawodowej obowi\u0105zuj\u0105cymi w Polsce i Wielkiej Brytanii. Poufno\u015b\u0107 jest fundamentem relacji terapeutycznej i obejmuje wszystkie dane przekazane przez Klienta oraz tre\u015bci omawiane podczas sesji.<\/p><p>\u00a0\u00a0 \u2022Wyj\u0105tki od poufno\u015bci:<\/p><p>1.Zagro\u017cenie \u017cycia lub zdrowia: Us\u0142ugodawca zastrzega sobie prawo do ujawnienia poufnych informacji odpowiednim instytucjom w przypadku, gdy istnieje powa\u017cne i bezpo\u015brednie zagro\u017cenie \u017cycia lub zdrowia Klienta lub os\u00f3b trzecich.<\/p><p>2.Zgodno\u015b\u0107 z przepisami prawa:<\/p><p>\u00a0\u00a0 \u2022W Polsce: W sytuacji, gdy ujawnione informacje mog\u0105 wskazywa\u0107 na pope\u0142nienie przest\u0119pstwa okre\u015blonego w art. 240 \u00a7 1 Kodeksu karnego (np. przemoc, terroryzm), Us\u0142ugodawca ma obowi\u0105zek powiadomi\u0107 odpowiednie organy \u015bcigania.<\/p><p>\u00a0\u00a0 \u2022W Wielkiej Brytanii: Us\u0142ugodawca jest zobowi\u0105zany do przestrzegania przepis\u00f3w, w tym obowi\u0105zk\u00f3w wynikaj\u0105cych z ustaw o zapobieganiu praniu brudnych pieni\u0119dzy (Money Laundering Regulations 2017) czy zg\u0142aszaniu akt\u00f3w terroryzmu na mocy Terrorism Act 2000.<\/p><p>\u00a0\u00a0\u00a0Procedury w przypadku naruszenia poufno\u015bci:<\/p><p>W przypadku konieczno\u015bci naruszenia poufno\u015bci Us\u0142ugodawca:<\/p><p>\u00a0\u00a0 \u2022Starannie oceni zasadno\u015b\u0107 ujawnienia informacji i ograniczy je do niezb\u0119dnego minimum.<\/p><p>\u00a0\u00a0 \u2022Je\u015bli to mo\u017cliwe, poinformuje Klienta o podj\u0119tych dzia\u0142aniach oraz ich podstawie prawnej.<\/p><p>\u00a0\u00a0 \u2022Udokumentuje podj\u0119te kroki oraz ich uzasadnienie w zgodzie z obowi\u0105zuj\u0105cymi przepisami prawa.<\/p><p>\u00a0\u00a0 \u2022Ochrona danych: Wszystkie informacje oraz dane osobowe Klienta s\u0105 przechowywane i przetwarzane zgodnie z obowi\u0105zuj\u0105cymi przepisami o ochronie danych osobowych (RODO w Polsce oraz Data Protection Act 2018 w Wielkiej Brytanii).<\/p><p>\u00a0\u00a0 \u00a0 8. Procedura Reklamacyjna<\/p><p>\u00a0\u00a0 \u2022Spos\u00f3b sk\u0142adania reklamacji: Reklamacje mog\u0105 by\u0107 sk\u0142adane wy\u0142\u0105cznie w formie pisemnej za po\u015brednictwem e-maila na adres podany przez Us\u0142ugodawc\u0119<\/p><p>kontakt@integratywnie.pl<\/p><p>\u00a0\u00a0 \u2022Termin rozpatrzenia reklamacji: Reklamacje s\u0105 rozpatrywane w terminie 14 dni roboczych od daty ich otrzymania.<\/p><p>\u00a0\u00a0 \u2022Informacja zwrotna: Klient zostanie powiadomiony o wyniku post\u0119powania reklamacyjnego drog\u0105 e-mailow\u0105.<\/p><p>\u00a0\u00a0 \u00a0 9. Postanowienia Ko\u0144cowe<\/p><p>\u00a0\u00a0 \u2022Obowi\u0105zuj\u0105ce prawo: Regulamin podlega prawu Wielkiej Brytanii.<\/p><p>\u00a0\u00a0 \u2022Rozstrzyganie spor\u00f3w: Wszelkie spory wynikaj\u0105ce z realizacji niniejszego regulaminu b\u0119d\u0105 rozstrzygane przez s\u0105d w\u0142a\u015bciwy dla miejsca dzia\u0142alno\u015bci Us\u0142ugodawcy lub za zgod\u0105 stron z wykorzystaniem metod alternatywnego rozwi\u0105zywania spor\u00f3w.<\/p><p>\u00a0\u00a0 \u2022Wej\u015bcie w \u017cycie regulaminu: Niniejszy regulamin obowi\u0105zuje od daty jego publikacji na stronie internetowej Us\u0142ugodawcy.<\/p><\/li><\/ul><\/div>\t\t\t\t\t\t<\/div>\n\t\t\t\t<\/div>\n\t\t\t\t\t<\/div>\n\t\t\t\t<\/div>\n\t\t\t\t<\/div>\n\t\t","protected":false},"excerpt":{"rendered":"<p>Regulamin \u015awiadczenia Us\u0142ug Online \u00a0 \u00a0 \u00a0Dane Us\u0142ugodawcy \u00a0 \u00a0\u2022\u00a0 \u00a0Nazwa firmy: A C Wieckowski integratywnie \u00a0 \u00a0\u2022\u00a0 \u00a0Adres siedziby oraz korespondencyjny: \u00a0 \u00a0A C WIECKOWSKI \u00a0 \u00a0Lytchett House, \u00a0 \u00a013 Freeland Park, \u00a0 \u00a0Wareham Road, \u00a0 \u00a0Poole, \u00a0 \u00a0Dorset, \u00a0 \u00a0BH16 6FA \u00a0\u00a0 \u00a0\u00a01. Definicje i Postanowienia Og\u00f3lne.\u00a0\u00a0\u00a0 \u00a0\u00a0 \u2022Us\u0142ugodawca: Specjalista \u015bwiadcz\u0105cy us\u0142ugi edukacyjne [&hellip;]<\/p>\n","protected":false},"author":1,"featured_media":0,"parent":0,"menu_order":0,"comment_status":"closed","ping_status":"closed","template":"","meta":{"om_disable_all_campaigns":false,"_monsterinsights_skip_tracking":false,"_monsterinsights_sitenote_active":false,"_monsterinsights_sitenote_note":"","_monsterinsights_sitenote_category":0,"footnotes":""},"aioseo_notices":[],"_links":{"self":[{"href":"https:\/\/www.integratywnie.pl\/index.php\/wp-json\/wp\/v2\/pages\/559"}],"collection":[{"href":"https:\/\/www.integratywnie.pl\/index.php\/wp-json\/wp\/v2\/pages"}],"about":[{"href":"https:\/\/www.integratywnie.pl\/index.php\/wp-json\/wp\/v2\/types\/page"}],"author":[{"embeddable":true,"href":"https:\/\/www.integratywnie.pl\/index.php\/wp-json\/wp\/v2\/users\/1"}],"replies":[{"embeddable":true,"href":"https:\/\/www.integratywnie.pl\/index.php\/wp-json\/wp\/v2\/comments?post=559"}],"version-history":[{"count":28,"href":"https:\/\/www.integratywnie.pl\/index.php\/wp-json\/wp\/v2\/pages\/559\/revisions"}],"predecessor-version":[{"id":1012,"href":"https:\/\/www.integratywnie.pl\/index.php\/wp-json\/wp\/v2\/pages\/559\/revisions\/1012"}],"wp:attachment":[{"href":"https:\/\/www.integratywnie.pl\/index.php\/wp-json\/wp\/v2\/media?parent=559"}],"curies":[{"name":"wp","href":"https:\/\/api.w.org\/{rel}","templated":true}]}}